?
1
Let z(c) = 3*c**2 + 16*c + 34. Let a be z(-10). Let j = 293 - a. Calculate the remainder when j is divided by ((-12)/(-10))/(1/25).
29
Suppose -4*z - 1677 = -5*r, 4*r - 4*z - 266 - 1078 = 0. Let d = r + -323. What is the remainder when 98 is divided by d?
8
Suppose 4*m - 9*m = -15. Suppose -35 + 15 = -2*w. What is the remainder when (-52)/m*(-9)/6 is divided by w?
6
Let a = 4385 - 3544. What is the remainder when a is divided by 78?
61
Suppose 5*p = -4*g - 517, 2*p - 106 = -5*g - 323. Let f = p - -122. Calculate the remainder when 79 is divided by f.
16
Let k(q) = -5*q**2 - 73*q + 242. Calculate the remainder when 1705 is divided by k(-14).
1
What is the remainder when 189 is divided by (-2444)/(-48) - 46/(-552)?
36
Let o(n) = -13*n + 8. Let r be o(-4). Let u = r + -49. What is the remainder when 119 is divided by u?
9
Suppose 78 = 4*i - 146. Let k = i - 45. Suppose 173 = 8*d - k. What is the remainder when 56 is divided by d?
10
Let v(z) = 10*z**2 - 5*z - 42. Let p be v(-11). Suppose -9*c = -p + 8. Calculate the remainder when c is divided by 35.
30
Suppose 0 = -4*l - s + 56, 4*l + 3*s + 9 - 73 = 0. Let m(v) = -2*v**3 - 4*v**2 - 19*v - 22. Calculate the remainder when m(-2) is divided by l.
3
Suppose 4*z = -70*u + 75*u - 3817, 0 = 3*u + 3*z - 2301. What is the remainder when u is divided by 159?
129
Let n(p) = 10*p**2 - 59*p - 6. Let h be n(6). Suppose -15*w + 2212 - 622 = h. Calculate the remainder when w is divided by 27.
25
Let y(f) = -7*f**3 - 5*f**2 - 18*f + 5. What is the remainder when y(-3) is divided by 23?
19
Let v be (-10 + (-5 - -14))/(1/(-5)). Suppose 4*c = 2*k + 2*k + 1788, c - 477 = -v*k. What is the remainder when c is divided by 65?
62
Let z = -169 + 281. What is the remainder when z is divided by (-27)/1377*17*(-2 + 4 + -89)?
25
Let u = -803 + 808. Let h(q) = 2*q**3 - 9*q**2 + 19*q - 9. Calculate the remainder when h(u) is divided by 38.
35
What is the remainder when -3 - -3186 - 78/(-6) is divided by 26?
24
Let p(h) be the third derivative of -h**4/4 + 41*h**3/6 + h**2. Let m = -2549 - -2555. What is the remainder when p(m) is divided by 3?
2
Let g = -12 + 15. Suppose -2*b = y - 6*y - 125, -g*b + 191 = -4*y. Let m = b - 46. Calculate the remainder when 37 is divided by m.
18
Suppose n = -2*c + 6*n - 247, -5*c - 2*n = 661. Let z = -124 - c. Calculate the remainder when 13 is divided by z.
6
Suppose -m + 52 = -0*m. Let u = -48 + m. Suppose 0 = 14*i - 21*i + 133. What is the remainder when i is divided by u?
3
Let b = 66 + -98. Let i = -8 - b. What is the remainder when i is divided by 5?
4
Let n = -44 - -54. Let h(d) = -2*d**2 + 25*d - 12. Suppose -3*c + 4*p + 44 = 0, 5*p - 39 = -2*c + 21. Calculate the remainder when h(n) is divided by c.
18
Suppose -9*c - 27*c + 432 = 0. Suppose c*x - 19*x = -294. What is the remainder when 118 is divided by x?
34
Suppose -6 = 3*y, 43*y - 44*y = 5*d - 1283. Calculate the remainder when d is divided by 29.
25
Let b(o) = -o**3 - 9*o**2 + 8*o - 4. Let y be b(-10). Suppose -29*i + 182 = -y*i. Calculate the remainder when 26 is divided by i.
12
Suppose 196 = 4*l - 100. Suppose 2*t + 100 = 3*r - 16, -2*r = -2*t - l. What is the remainder when 117 is divided by r?
33
Let i be (-21)/(-14) - (-6)/4. Suppose 0 = -k - i*j + 48, 3*k - 2*j - 27 - 73 = 0. What is the remainder when k is divided by 8?
4
Suppose 2*c + 4*o - 16 = 0, c = o + o + 12. Suppose 1 = -3*k + c. Suppose -8*q + 110 = -k*q. What is the remainder when 109 is divided by q?
21
Let x(u) = u**2 - 2*u + 2. Let k be x(-6). Let c = 56 - k. Let b = 16 + c. Calculate the remainder when 84 is divided by b.
18
Let p(r) = r**2 + 53*r + 214. Calculate the remainder when (14 - -1)*3 + (-22)/(-11) is divided by p(-49).
11
Let b = -9 + 24. Suppose b = -0*j + 3*j. Suppose -j*y = -5*t + 15, 3*t - 5*t + 5*y = 3. What is the remainder when 10 is divided by t?
4
Suppose -5*d - 5*r + 10 = 0, -2*d + 5*r - 6*r = -6. Let n(c) = c**3 + c**2 - 19*c + 4. What is the remainder when 64 is divided by n(d)?
0
Suppose 4*v + 386 + 478 = 0. Let n = v - -267. Calculate the remainder when 149 is divided by n.
47
Let o = -5029 - -5185. Calculate the remainder when 1239 is divided by o.
147
Suppose 85 + 3 = 22*p. What is the remainder when ((-2)/(-2))/(0 + p/188) is divided by 4?
3
Suppose -4*z = -133 + 21. Calculate the remainder when (-10)/(-30) - 49/4*(-1212)/9 is divided by z.
26
Calculate the remainder when 3955 is divided by (-1274)/455 + (-818)/(-10).
5
Suppose -9*b + 4*b + 15 = 0. Suppose 0 = 2*m - 4*g - 94, -b*g = 1 - 4. Suppose 17 - m = -2*u. Calculate the remainder when 30 is divided by u.
14
Let w = 6141 + -6121. Calculate the remainder when 475 is divided by w.
15
Suppose s - 240 = -2*x + 36, 5*s - 705 = -5*x. What is the remainder when 1078 is divided by x?
133
Suppose 7*c + 29*c = 4770 + 2718. What is the remainder when c is divided by 5?
3
Let w(m) = 288*m - 19. Calculate the remainder when w(3) is divided by 841.
4
Suppose 1 = 2*k - 15. Let n = 301 + -413. Let c = n + 135. What is the remainder when c is divided by k?
7
What is the remainder when 160 is divided by 60/5 - -1*0/(-7)?
4
Let r(y) = -126*y - 3 - 83*y - 12 - 60*y. What is the remainder when r(-1) is divided by 43?
39
Let t(a) = -5*a - 80. Let y be t(-21). Suppose 0 = 2*k - y - 51. Calculate the remainder when k is divided by 14.
10
Let p = 377 + -211. Calculate the remainder when 206 is divided by p.
40
Suppose -3*y - 13 - 1 = -l, -5*l + 30 = -5*y. Calculate the remainder when 44 is divided by ((512/(-4))/(-2))/l.
12
Let y be (-26)/(-117) - 200/9 - 3. Let g = -9 - y. Let o = 38 - -8. What is the remainder when o is divided by g?
14
Let f be 158*(-4)/(-4 - 0). Let y = f + -99. Suppose -4*t = 4, -j + y = -0*j - 4*t. Calculate the remainder when j is divided by 28.
27
Suppose 4*t = -2*j + 4*j - 182, 0 = 2*j - 2*t - 178. Suppose f = -5*p + 458, -9*p + 462 = -4*p - f. What is the remainder when j is divided by (-25)/75 + p/6?
12
Suppose -21*k = -17*k + 76. Let x = k - 18. Let z = 67 + x. What is the remainder when 89 is divided by z?
29
Let a(n) = 2051*n - 34. Let w be a(-10). Calculate the remainder when (4/6)/((-32)/w) is divided by 86.
84
Let x = 1113 + -374. Suppose 4336 - x = 11*z. Calculate the remainder when z is divided by 22.
19
Suppose -66*l + 84*l = 17730. Calculate the remainder when l is divided by 58.
57
Suppose 8 = 4*o, -34 = -4*y + 58*o - 63*o. Calculate the remainder when 3701 is divided by y.
5
Let d(j) = 7*j**2 + 121*j + 47. Calculate the remainder when 255 is divided by d(-18).
118
Let m(f) = 24*f - 37. Let c be m(2). Suppose c*y = -12*y + 115. What is the remainder when 7 is divided by y?
2
Let s(o) = o**3 - 15*o**2 - 15*o - 10. Let n be s(16). Let v be 0 + n/(-8) - 210/8. Let t = v - -29. Calculate the remainder when 14 is divided by t.
0
Suppose -74*z - 14140 = -46*z. Let w = z + 519. Calculate the remainder when 32 is divided by w.
4
Let h be (740/30)/((-3)/((-18)/4)). Let r = 109 + h. Let p(k) = 3*k**2 + 3*k + 1. What is the remainder when r is divided by p(3)?
35
Let o(w) = -149*w - 434. Calculate the remainder when 318 is divided by o(-3).
6
Let y = -402 + 386. Let c(s) = -16*s - 163. What is the remainder when c(y) is divided by 19?
17
What is the remainder when 9 + -11 + 2900 + 1 is divided by 20?
19
What is the remainder when ((-37 - -43) + 51/(-9))*1419 is divided by 4?
1
Let i(a) = a**3 - 6*a**2 + a + 1. What is the remainder when (-2)/7 + -2 + 741/21 is divided by i(6)?
5
Suppose -2*i + 3 = c, 4*c = -2*i - 12 + 6. Suppose u = 83 + 36. Suppose -2*v - v + g + u = 0, 3*v - 111 = i*g. What is the remainder when v is divided by 14?
13
Calculate the remainder when 789 is divided by (225/180 - 5/4) + 15.
9
Suppose -4*o - 4*p = -352, o + 3*p - 90 = 4*p. What is the remainder when o is divided by (-4 + 42)/(19*(-88)/(-836))?
13
Suppose -226 = -3*f - 156*j + 152*j, j = 2*f - 136. What is the remainder when f is divided by 20?
10
Suppose 4*y - h = -0*y + 683, -5*h - 508 = -3*y. Let n = -157539 - -157561. What is the remainder when y is divided by n?
17
Suppose -25 + 7 = -6*a. Suppose -2 = a*w - 14. What is the remainder when 3/6 - (-21)/6 is divided by w?
0
Suppose 8 = -o + 2*n, -2*o + 3*n = 13 + 8. Let r = o - -23. Suppose r*z - 68 = 62. Calculate the remainder when 77 